et t = 364 + -241. What is the greatest common divisor of j and t?
41
Let o be (-9)/27 - 17/3 - -1. Let j be (3/o)/(8/4560*-6). What is the greatest common divisor of 76 and j?
19
Let y = 1099 + -604. What is the greatest common factor of 1287 and y?
99
Let j = -11115 + 16769. What is the greatest common divisor of 22 and j?
22
Let r = 123 - 109. Let o = 789 + -299. Calculate the highest common factor of o and r.
14
Let o(i) be the second derivative of 7*i - 1/4*i**4 - 8*i**2 + 0 - 53/6*i**3. Let d be o(-16). Calculate the greatest common divisor of 448 and d.
64
Let j = -280 - -285. Calculate the highest common factor of j and 1735.
5
Let z be ((-1 - 0) + -49)*(3264/(-40))/17. What is the greatest common divisor of 5952 and z?
48
Suppose o + 14*s = 16*s + 20, -4*s + 32 = o. What is the highest common divisor of 6492 and o?
12
Let y(d) = -5*d**2 + 13*d - 2. Let z be y(4). Let f(c) = c**2 + 29*c - 23. Let b be f(z). Calculate the greatest common divisor of b and 287.
7
Let m be (660/(-36))/((-20)/24). Suppose 0 = 47*b + m - 210. What is the highest common divisor of 54 and b?
2
Suppose 5*x = 30, -4*x - 224 = 5*c - 6*c. Calculate the highest common factor of 32 and c.
8
Suppose 5*s - 118 = 3*s. Suppose 0 = 66*j - s*j - 210. What is the greatest common factor of 10 and j?
10
Let n(p) = 47*p - 1248. Let f be n(34). What is the greatest common factor of f and 294?
14
Let p = 11413 + -11075. Let n(j) = 20*j**2 - 2. Let z be n(2). What is the highest common divisor of z and p?
26
Let s = 48 + 816. Suppose 13*x + 32 = 15*x. Calculate the highest common divisor of x and s.
16
Suppose 231*h - 8*h = -206*h + 1287. What is the greatest common divisor of h and 10041?
3
Suppose 6*r - 2*r = -4*d + 312, -4*r = 2*d - 158. Let b = 425 + -175. Let t = b - 243. Calculate the greatest common divisor of d and t.
7
Suppose 329*n + 26 = 330*n. Let r(h) = -h**2 - 23*h + 28. Let g be r(-17). Calculate the highest common factor of n and g.
26
Suppose 5*v + 12 = 4*g, -3*v + 6 = 4*g - 6. Suppose -5*x + 3*x - 44 = v. Let f be (-214)/(-4) - (-33)/x. What is the greatest common divisor of f and 13?
13
Let j be ((-65)/(-15) - 4)*-1*(-8 - 1213). What is the highest common divisor of 1258 and j?
37
Let b = 27 + -28. Let k be 3/((0 + -1)/b). Calculate the greatest common divisor of 6 and k.
3
Suppose 3*h - 1673 = -1207 + 2108. What is the greatest common factor of 11 and h?
11
Let a(k) = k**3 - 2*k**2 - 28*k + 21. Let o be a(6). Let h(m) = 0 - 4*m**2 + 5*m**2 - 6. Let u be h(o). Calculate the highest common divisor of u and 33.
3
Suppose 5*q - 5*s + 25 = 0, -4*q - 3*s + 62 = 47. Let i be (-6)/(-30)*q + 190 + -2. Calculate the highest common factor of i and 141.
47
Let d(q) = 20*q**2 - 9*q + 22. Let t be d(-5). Let j = t + -532. What is the highest common factor of j and 28?
7
Let m = -405 + 401. Let i be (-36864)/(-594) + m/66. What is the highest common divisor of 93 and i?
31
Suppose 0*j = j - 726 + 669. What is the highest common factor of 291 and j?
3
Suppose -158*h + 49*h + 1199 = 0. Calculate the greatest common divisor of h and 462.
11
Suppose 8 = -10*m + 11*m. Let h(b) = -33*b + 331. Let z be h(7). Calculate the greatest common factor of m and z.
4
Let u = 90 - 0. Let r(f) = -20*f + 44. Let d(o) = 7*o - 14. Let b(n) = 14*d(n) + 5*r(n). Let h be b(7). Calculate the highest common divisor of h and u.
10
Let n = -703334 - -703344. Let l be 2 - (-1 - -1) - -58. What is the greatest common divisor of n and l?
10
Let d(j) be the third derivative of -j**6/120 - 2*j**5/15 - j**4/24 + j**3/2 + 4*j**2 - 11*j. Let h be d(-8). Calculate the greatest common factor of h and 176.
11
Suppose -4*a = 2*i + 10, 0 = 5*i + 4*a + 25 + 30. Let b be (-3285)/i + (1 - -2). Suppose -11*x = -174 - b. Calculate the greatest common divisor of x and 45.
9
Let k be -1 + 6 - (-7 + 10). Let o(t) = -6*t + 5*t**k + 2 - 4 + 7*t. Let s be o(1). What is the greatest common factor of s and 8?
4
Suppose -8*a - x = -12*a + 49, 5*x + 80 = 5*a. Suppose 5*z = a*z - 2898. Calculate the highest common factor of 69 and z.
69
Let o be (-2)/(-21) + (4406/42 - 14). Suppose 0 = 4*f - 28 - 0. What is the greatest common divisor of f and o?
7
Let z = 20 - -39. Let f = -26 + z. Suppose 122 = 2*x - t + 67, -5*x = 3*t - 77. What is the greatest common factor of x and f?
11
Let q be -17*2/(-6) + (-78)/117. What is the greatest common divisor of 4115 and q?
5
Let l(x) = -13*x - 670. Let c be l(-58). What is the greatest common divisor of 1708 and c?
28
Suppose 2*y = -2*y + 24. Let q(t) = -t - 61. Let z be q(-20). Let v = 44 + z. What is the greatest common factor of v and y?
3
Suppose 0 = -16*j - 931 + 2787. Suppose -3*x + 18 = 6. Calculate the greatest common divisor of x and j.
4
Let r(y) = -y**3 - 12*y**2 - 20*y - 2. Let f be r(-10). Let m(k) = 15*k**2 + 3. Let c be m(f). Calculate the highest common factor of c and 63.
63
Let x = 599 - 89. Suppose -990 = 3*p + x. Let t be p/(-14) + 6/21*1. Calculate the highest common factor of 4 and t.
4
Let f = 86 - 88. Let k = 9 - 10. Let l be (k/(f/(-2)) - 1) + 30. Calculate the highest common factor of 42 and l.
14
Let b be (-21 - 1*-1)*(-33635)/620. Calculate the greatest common factor of b and 245.
35
Suppose 2*z + 4*d + 598 = 2*d, -1535 = 5*z - 3*d. Let q = 490 + z. What is the highest common divisor of q and 12?
6
Let d = 549 - 249. Let z = d - 286. Calculate the highest common factor of z and 504.
14
Let v = -45 - -75. Suppose -66*s = 2893 - 4873. Calculate the greatest common factor of v and s.
30
Let h = -7297 + 23309. What is the greatest common divisor of h and 4?
4
Let p = 5573 + -3082. What is the greatest common divisor of p and 47?
47
Suppose -4*r + 10 = 2*w - 14, -r = -w. Let a be (54/21)/((r/(-182))/(-2)). Calculate the greatest common factor of a and 36.
18
Suppose 799 = 5*u - 831. Let f = u + -270. What is the highest common divisor of f and 252?
28
Let a = 18 - -126. Let o = a - 91. Calculate the greatest common factor of o and 159.
53
Suppose 5*b - 2*z - 3321 = 0, 5*b + 7*z - 10*z = 3324. Calculate the greatest common factor of b and 182.
13
Let u = 57 + -52. Suppose -k = -3*j - 53, k - 3*j = -u*j + 48. What is the greatest common divisor of k and 80?
10
Suppose -5*x + 5 = 15. Let o be 0/3 + x + (7 - 5). Suppose o = 5*m - 2*v - 82, -m + 0*v + 10 = -2*v. Calculate the greatest common factor of m and 18.
18
Let g(l) = 11*l**2 - 94*l + 78. Let m be g(10). What is the greatest common factor of 1258 and m?
34
Let c(v) = -104*v - 1553. Let z be c(-15). Calculate the highest common factor of 749 and z.
7
Let b(d) = -25*d - 3 - 31*d - 37*d + 74*d + 7*d**2. Let y be b(6). Calculate the greatest common divisor of y and 15.
15
Let r = 95 - -40. Let v(q) = -q**2 - 21*q - 26. Let f be v(-16). Calculate the greatest common divisor of r and f.
27
Suppose 1 = i - 4. Let d be (-2 + 45/(-6))/((-1)/2). Let p be (d + 1)/((-1)/(-10)*5). Calculate the greatest common divisor of p and i.
5
Suppose 4*v + 19 = 5*v. Let a = -48 + -36. Let z = 141 + a. Calculate the highest common divisor of v and z.
19
Let j(r) = -r**2 + 9*r - 16. Suppose 0 = 2*n + g + 13, 0*g = 2*g - 10. Let v be j(n). Let o = -124 - v. What is the highest common factor of o and 27?
27
Suppose s + 2*s - 279 = 0. Suppose 6*y + 486 + 918 = 0. Let m be (-39)/y - (-742)/12. Calculate the greatest common divisor of s and m.
31
Let k = 6982 - 6964. Calculate the greatest common factor of 162 and k.
18
Suppose 5*h - 5*n - 1745 = 0, 4*n - 169 = -5*h + 1531. Suppose -3*b = 4*m - 1292, -2*b - h = -2*m + 288. Calculate the greatest common factor of 16 and m.
16
Suppose 0 = -3*k + 4*m - 3, 2*k - 3*m = 4*k - 15. Suppose 4*i = -4, -k*a = 2*i - 55 - 249. What is the greatest common divisor of a and 357?
51
Let q be 1 - (-10)/(-6) - 21758/(-66). Let t = q + 343. Calculate the greatest common factor of t and 7.
7
Let j(l) = 2*l**3 - 5*l**2 + 11*l + 6648. Let z be j(0). What is the greatest common divisor of 12 and z?
12
Suppose 5 = -k + 21. Suppose -5*m - 51 = -211. Suppose 16*y = m + 96. Calculate the greatest common divisor of y and k.
8
Let y(p) = 389*p - 5073. Let i be y(54). Calculate the highest common divisor of 282 and i.
141
Suppose 54*i - 25*i - 130935 = 0. Suppose -21*l - 840 + i = 0. What is the greatest common factor of l an